{"id":76,"date":"2019-01-13T08:22:27","date_gmt":"2019-01-13T08:22:27","guid":{"rendered":"http:\/\/karaszallobuzsak.hu\/?page_id=76"},"modified":"2022-08-02T12:06:08","modified_gmt":"2022-08-02T12:06:08","slug":"szobak-arak","status":"publish","type":"page","link":"http:\/\/karaszallobuzsak.hu\/index.php\/szobak-arak\/","title":{"rendered":"\u00c1rak"},"content":{"rendered":"\n<p class=\"has-vivid-red-color has-text-color\" style=\"font-size:30px\"><strong>\u00c1RAK: <\/strong><\/p>\n\n\n\n<p>2 \u00e1gyas szob\u00e1k:<\/p>\n\n\n\n<p>10.000 Ft+\u00c1fa\/f\u0151\/\u00e9j<\/p>\n\n\n\n<p><\/p>\n\n\n\n<p>Csal\u00e1di szob\u00e1k:<\/p>\n\n\n\n<p>&#8211; 3 f\u0151re: 25.000 Ft+\u00c1fa\/\u00e9j<\/p>\n\n\n\n<p>&#8211; 4 f\u0151re: 30.000 Ft+\u00c1fa\/\u00e9j<br><\/p>\n\n\n\n<p>Kisebb csoportok (20 f\u0151)\nfogad\u00e1s\u00e1t is v\u00e1llaljuk, megbesz\u00e9l\u00e9s alapj\u00e1n kedvezm\u00e9nyt biztos\u00edtunk.<\/p>\n\n\n\n<p>A gyermek 3 \u00e9ves kor\u00e1ig a sz\u00e1ll\u00e1s\ningyenes.<\/p>\n\n\n\n<p>1 \u00e9jszak\u00e1s foglal\u00e1s eset\u00e9n a fenti \u00e1rakra 1.500 Ft+\u00c1fa\/f\u0151 fel\u00e1rat sz\u00e1m\u00edtunk fel.<\/p>\n\n\n\n<p>Idegenforgalmi ad\u00f3: 300 Ft\/f\u0151\/\u00e9j (18 \u00e9ves kor alatt nem kell fizetni)<\/p>\n\n\n\n<p>Ha legal\u00e1bb 5 \u00e9jszak\u00e1t t\u00f6lt n\u00e1lunk, akkor 1 db Csiszta f\u00fcrd\u0151 bel\u00e9p\u0151vel aj\u00e1nd\u00e9kozzuk meg. A f\u00fcrd\u0151t az al\u00e1bbi linken tekintheti meg: <a href=\"http:\/\/www.csisztafurdo.hu\">www.csisztafurdo.hu<\/a><\/p>\n\n\n\n<p><\/p>\n","protected":false},"excerpt":{"rendered":"<p>\u00c1RAK: 2 \u00e1gyas szob\u00e1k: 10.000 Ft+\u00c1fa\/f\u0151\/\u00e9j Csal\u00e1di szob\u00e1k: &#8211; 3 f\u0151re: 25.000 Ft+\u00c1fa\/\u00e9j &#8211; 4 f\u0151re: 30.000 Ft+\u00c1fa\/\u00e9j Kisebb csoportok&hellip;<\/p>\n","protected":false},"author":1,"featured_media":0,"parent":0,"menu_order":0,"comment_status":"closed","ping_status":"closed","template":"","meta":[],"_links":{"self":[{"href":"http:\/\/karaszallobuzsak.hu\/index.php\/wp-json\/wp\/v2\/pages\/76"}],"collection":[{"href":"http:\/\/karaszallobuzsak.hu\/index.php\/wp-json\/wp\/v2\/pages"}],"about":[{"href":"http:\/\/karaszallobuzsak.hu\/index.php\/wp-json\/wp\/v2\/types\/page"}],"author":[{"embeddable":true,"href":"http:\/\/karaszallobuzsak.hu\/index.php\/wp-json\/wp\/v2\/users\/1"}],"replies":[{"embeddable":true,"href":"http:\/\/karaszallobuzsak.hu\/index.php\/wp-json\/wp\/v2\/comments?post=76"}],"version-history":[{"count":12,"href":"http:\/\/karaszallobuzsak.hu\/index.php\/wp-json\/wp\/v2\/pages\/76\/revisions"}],"predecessor-version":[{"id":237,"href":"http:\/\/karaszallobuzsak.hu\/index.php\/wp-json\/wp\/v2\/pages\/76\/revisions\/237"}],"wp:attachment":[{"href":"http:\/\/karaszallobuzsak.hu\/index.php\/wp-json\/wp\/v2\/media?parent=76"}],"curies":[{"name":"wp","href":"https:\/\/api.w.org\/{rel}","templated":true}]}}