{"id":77,"date":"2019-01-13T08:22:27","date_gmt":"2019-01-13T08:22:27","guid":{"rendered":"http:\/\/karaszallobuzsak.hu\/?page_id=77"},"modified":"2019-01-17T08:41:23","modified_gmt":"2019-01-17T08:41:23","slug":"bemutatkozas","status":"publish","type":"page","link":"http:\/\/karaszallobuzsak.hu\/index.php\/bemutatkozas\/","title":{"rendered":"Bemutatkoz\u00e1s"},"content":{"rendered":"\n<p>A Kara Sz\u00e1ll\u00f3 meg\u00e1lmod\u00f3ja egy buzs\u00e1ki csal\u00e1d, p\u00e1ly\u00e1zat seg\u00edts\u00e9g\u00e9vel a 2015-re elk\u00e9sz\u00fclt, majd 2016-ban megkapta a 4 napraforg\u00f3s Nemzeti Tan\u00fas\u00edt\u00f3 V\u00e9djegyet a Falusi \u00e9s Agroturizmus Orsz\u00e1gos Sz\u00f6vets\u00e9g\u00e9t\u0151l.<\/p>\n\n\n\n<p>Buzs\u00e1k Somogy megy\u00e9ben a Balatont\u00f3l d\u00e9lre, a Nagy-berek sz\u00e9l\u00e9n fekszik. A falu mai napig h\u00edres n\u00e9pm\u0171v\u00e9szet\u00e9r\u0151l, a h\u00edmz\u00e9seir\u0151l \u00e9s fafarag\u00e1sair\u00f3l.<\/p>\n\n\n\n<p>A falut\u00f3l 6 km-re tal\u00e1lhat\u00f3 Csiszta f\u00fcrd\u0151, a 42 \u00b0C-os \u00e1sv\u00e1nyi anyagokban gazdag, hidrokarbon\u00e1tos, k\u00e9nes gy\u00f3gyhat\u00e1s\u00fa meleg vize miatt sokan keresik fel.<br><\/p>\n\n\n\n<div class=\"wp-block-image\"><figure class=\"alignleft is-resized\"><img loading=\"lazy\" src=\"http:\/\/karaszallobuzsak.hu\/wp-content\/uploads\/2019\/01\/received_5230586848537941-745x1024.jpeg\" alt=\"\" class=\"wp-image-213\" width=\"210\" height=\"287\"\/><\/figure><\/div>\n\n\n\n<div class=\"wp-block-image\"><figure class=\"aligncenter is-resized\"><img loading=\"lazy\" src=\"http:\/\/karaszallobuzsak.hu\/wp-content\/uploads\/2019\/01\/20190108_110754-830x1024.jpg\" alt=\"\" class=\"wp-image-212\" width=\"177\" height=\"217\" srcset=\"http:\/\/karaszallobuzsak.hu\/wp-content\/uploads\/2019\/01\/20190108_110754-830x1024.jpg 830w, http:\/\/karaszallobuzsak.hu\/wp-content\/uploads\/2019\/01\/20190108_110754-768x947.jpg 768w, http:\/\/karaszallobuzsak.hu\/wp-content\/uploads\/2019\/01\/20190108_110754-1600x1974.jpg 1600w\" sizes=\"(max-width: 177px) 100vw, 177px\" \/><\/figure><\/div>\n\n\n\n<p><br><\/p>\n","protected":false},"excerpt":{"rendered":"<p>A Kara Sz\u00e1ll\u00f3 meg\u00e1lmod\u00f3ja egy buzs\u00e1ki csal\u00e1d, p\u00e1ly\u00e1zat seg\u00edts\u00e9g\u00e9vel a 2015-re elk\u00e9sz\u00fclt, majd 2016-ban megkapta a 4 napraforg\u00f3s Nemzeti Tan\u00fas\u00edt\u00f3&hellip;<\/p>\n","protected":false},"author":1,"featured_media":0,"parent":0,"menu_order":0,"comment_status":"closed","ping_status":"closed","template":"","meta":[],"_links":{"self":[{"href":"http:\/\/karaszallobuzsak.hu\/index.php\/wp-json\/wp\/v2\/pages\/77"}],"collection":[{"href":"http:\/\/karaszallobuzsak.hu\/index.php\/wp-json\/wp\/v2\/pages"}],"about":[{"href":"http:\/\/karaszallobuzsak.hu\/index.php\/wp-json\/wp\/v2\/types\/page"}],"author":[{"embeddable":true,"href":"http:\/\/karaszallobuzsak.hu\/index.php\/wp-json\/wp\/v2\/users\/1"}],"replies":[{"embeddable":true,"href":"http:\/\/karaszallobuzsak.hu\/index.php\/wp-json\/wp\/v2\/comments?post=77"}],"version-history":[{"count":5,"href":"http:\/\/karaszallobuzsak.hu\/index.php\/wp-json\/wp\/v2\/pages\/77\/revisions"}],"predecessor-version":[{"id":214,"href":"http:\/\/karaszallobuzsak.hu\/index.php\/wp-json\/wp\/v2\/pages\/77\/revisions\/214"}],"wp:attachment":[{"href":"http:\/\/karaszallobuzsak.hu\/index.php\/wp-json\/wp\/v2\/media?parent=77"}],"curies":[{"name":"wp","href":"https:\/\/api.w.org\/{rel}","templated":true}]}}

Bemutatkozás

<p>A Kara Szálló megálmodója egy buzsáki család, pályázat segítségével a 2015-re elkészült, majd 2016-ban megkapta a 4 napraforgós Nemzeti Tanúsító Védjegyet a Falusi és Agroturizmus Országos Szövetségétől.</p>



<p>Buzsák Somogy megyében a Balatontól délre, a Nagy-berek szélén fekszik. A falu mai napig híres népművészetéről, a hímzéseiről és fafaragásairól.</p>



<p>A falutól 6 km-re található Csiszta fürdő, a 42 °C-os ásványi anyagokban gazdag, hidrokarbonátos, kénes gyógyhatású meleg vize miatt sokan keresik fel.<br></p>



<div class="wp-block-image"><figure class="alignleft is-resized"><img loading="lazy" src="http://karaszallobuzsak.hu/wp-content/uploads/2019/01/received_5230586848537941-745x1024.jpeg" alt="" class="wp-image-213" width="210" height="287"/></figure></div>



<div class="wp-block-image"><figure class="aligncenter is-resized"><img loading="lazy" src="http://karaszallobuzsak.hu/wp-content/uploads/2019/01/20190108_110754-830x1024.jpg" alt="" class="wp-image-212" width="177" height="217" srcset="http://karaszallobuzsak.hu/wp-content/uploads/2019/01/20190108_110754-830x1024.jpg 830w, http://karaszallobuzsak.hu/wp-content/uploads/2019/01/20190108_110754-768x947.jpg 768w, http://karaszallobuzsak.hu/wp-content/uploads/2019/01/20190108_110754-1600x1974.jpg 1600w" sizes="(max-width: 177px) 100vw, 177px" /></figure></div>



<p><br></p>

<p>A Kara Szálló megálmodója egy buzsáki család, pályázat segítségével a 2015-re elkészült, majd 2016-ban megkapta a 4 napraforgós Nemzeti Tanúsító&hellip;</p>
